ist the prime factors of j.
2, 137
Let d = -1 - 3. What are the prime factors of 4/(306/75 + d)?
2, 5
Let v(l) = 2 - 2*l + 47 + 19 + 4*l. Let s(z) = z**3 - 2*z**2 - 3*z. Let n be s(3). List the prime factors of v(n).
2, 17
Suppose -2*q - 3*s + 122 = -2*s, 4*q + s = 248. Let j = q - 41. What are the prime factors of j?
2, 11
List the prime factors of (-3)/(42/(-5926)) - (-12)/(-42).
3, 47
Let d(w) = 3*w - 5. Let a = -16 - -21. Let f be d(a). Suppose 5*l + 0*l = -4*i + 141, f = 2*l. What are the prime factors of i?
29
Suppose -6*y + y = 0. Let i(c) = 2*c**2 + 48. List the prime factors of i(y).
2, 3
Let f(j) = -10*j**3 + 2*j**2 - 4. Let v be f(2). Let s = v - -106. List the prime factors of s.
2, 3, 5
Suppose 4*v + 993 - 3959 = 2*h, -2*h = 2*v - 1486. What are the prime factors of v?
2, 7, 53
Suppose 53*q + 57024 - 156611 = 0. What are the prime factors of q?
1879
Let p be (-23)/(-5) - 6/10. Suppose p = -2*q, -4*q - 33 = -5*j - 0*q. Suppose 4*y - 18 + 4 = 2*r, j*r = 3*y. What are the prime factors of r?
3
Let b be (9 - 9)/(-2*1). Suppose 3*p - 7*p - 4 = b. What are the prime factors of (-1)/(p - 33/(-34))?
2, 17
Let z(a) = -a**3 - 25*a**2 + 21*a + 9. What are the prime factors of z(-27)?
2, 3, 5
Suppose 0 = 23*v - 24348 + 198. List the prime factors of v.
2, 3, 5, 7
Suppose -17*u - 37*u = -111888. List the prime factors of u.
2, 7, 37
Suppose -3*k = 5*z - 263, 0*z + 5*k = 2*z - 99. List the prime factors of z.
2, 13
Suppose 0 = 5*n - 10 - 110. Suppose u - n = 21. List the prime factors of u.
3, 5
Suppose -4*y + 8576 = 4*z, 2*y - 35*z + 30*z = 4309. What are the prime factors of y?
19, 113
Let l(o) = 23*o + 1. Let q(k) = 0 - 8*k**2 - k**3 + 4 - 3 - 7*k. Let h be q(-7). List the prime factors of l(h).
2, 3
Suppose 49*v - 63*v + 14714 = 0. What are the prime factors of v?
1051
Let n(u) = u**3 + 25*u**2 + 11*u - 26. What are the prime factors of n(-24)?
2, 11, 13
Let j(b) = b - 7. Let t be j(-8). Let o = t + 4. Let i = o - -45. List the prime factors of i.
2, 17
Suppose -727 - 967 = -14*m. List the prime factors of m.
11
List the prime factors of -9 + 9 + 295*2.
2, 5, 59
Let a = 17 + 331. Suppose a + 233 = 7*q. List the prime factors of q.
83
Let u(y) = 6*y**2 + 14*y - 11. Let w(q) = 5*q**2 + 13*q - 10. Let b(i) = -6*u(i) + 7*w(i). Let x be b(7). Let f = 35 - x. List the prime factors of f.
3, 13
Let o = 3003 - 1235. What are the prime factors of o?
2, 13, 17
Let t = -31 + 34. Suppose t*f = -4*p, 5*p = 5 - 20. List the prime factors of f/(-6) - (-2716)/42.
2
Let u(c) = c**3 - 7*c**2 + 8*c - 7. Let o be u(6). Suppose -285 = -o*y - 3*x, -y - 6*x + 59 = -5*x. List the prime factors of y.
2, 3
Let q(p) = -396*p + 9. List the prime factors of q(-3).
3, 7, 19
Suppose -3*r = -23 + 11. Suppose -f - 4*l = l - 315, r*l = 4*f - 1212. Suppose 5*n - w - f = 4*w, 2*n = -w + 134. List the prime factors of n.
5, 13
Let w(s) = -85*s**3 + 3*s + 4. List the prime factors of w(-1).
2, 43
Suppose 4*w - 5*y - 134 = 7084, -4*w = -4*y - 7220. List the prime factors of w.
13, 139
Let d = -7878 - -12285. What are the prime factors of d?
3, 13, 113
Suppose 547 = 11*z - 1235. List the prime factors of z.
2, 3
Suppose 77 + 368 = 5*s + 5*p, 0 = -3*s - 4*p + 264. Suppose -5*c = -10*c + 20. Suppose 3*m - 3*w = -4*w + 45, c*w = 5*m - s. List the prime factors of m.
2
Suppose -8*w + 13*w - 10218 = h, 6 = 3*h. What are the prime factors of w?
2, 7, 73
Let c(k) = 5*k**3 - 12*k**3 - k**2 + 4*k**3 - 14*k**3. Let w be (2 + 0)*4/(-8). List the prime factors of c(w).
2
Let i(d) = -d**3 - 6*d**2 + 6*d - 8. Let a be i(-7). Let h be -3*-67*a/(-3). Suppose -5*b - 2*g + 124 = 0, b - 5*g = -b + h. What are the prime factors of b?
2, 13
Let j(c) be the third derivative of -c**7/2520 + 7*c**6/240 + c**5/30 + 3*c**2. Let g(m) be the third derivative of j(m). List the prime factors of g(-9).
3, 13
Let k(v) = 100*v + 1160. List the prime factors of k(36).
2, 5, 7, 17
Suppose -12*s + 9540 = 8*s. What are the prime factors of s?
3, 53
Let l be -5*(3 + 124/20). Let p = l - -87. List the prime factors of p.
41
Suppose 2*n - 7*n + 25 = 0. Suppose -5*q + 3*j = -2*j - 130, n*q + j = 130. List the prime factors of q.
2, 13
Suppose 2*l - 30 = -l. Suppose 9*r = 14*r - l. Suppose 3*f - 5*w = 135, r*f = -2*f + w + 180. List the prime factors of f.
3, 5
Let d = 2 + -11. Let p = 2 + d. Let y = p - -38. What are the prime factors of y?
31
Let l(q) = 39*q - 121. What are the prime factors of l(16)?
503
Let z(i) = -5*i + 5. Let s(o) = -o**2 - 1. Let r(l) = -s(l) - z(l). What are the prime factors of r(-8)?
2, 5
Suppose 0 = -96*j + 50*j + 90666. List the prime factors of j.
3, 73
What are the prime factors of ((-1278)/(-36))/((-1)/(-46))?
23, 71
Suppose 3*q = -6*q - 1728. Let w = q + 366. List the prime factors of w.
2, 3, 29
Let d(q) = 9*q**2 + 2*q + 24. Let b be d(-6). Suppose -4*n - 96 = -c, 3*c + 0*n = -4*n + b. List the prime factors of c.
2, 3
Let x(s) = 4*s**3 - s + 2. Let y be x(-2). Let v(g) = -5*g - 77. Let d be v(-26). Let k = d + y. List the prime factors of k.
5
Let n(i) = 5*i + 289 - 273 - 16*i. What are the prime factors of n(-7)?
3, 31
Let g(p) = -41*p - 16. What are the prime factors of g(-9)?
353
Let l = 6441 - 4117. List the prime factors of l.
2, 7, 83
Let l(c) be the first derivative of 47*c**7/840 - c**5/60 + c**4/24 + 2*c**3 + 5. Let h(t) be the third derivative of l(t). What are the prime factors of h(1)?
2, 23
Let h(m) = 3*m**2 + 1. Let q be h(1). Let z be 165/(-12) + (-1)/q. Let x = 4 - z. What are the prime factors of x?
2, 3
Let c = 1830 - 86. List the prime factors of c.
2, 109
Let j be 2270/22 - (80/55)/8. Let n = j - -28. What are the prime factors of n?
131
Suppose -28*k - 35 = -33*k. Let c = 55 - k. What are the prime factors of c?
2, 3
Let r = -13 + 15. Suppose -r = -u + 2. Suppose -4*i + 24 = -2*i - u*s, -3*i = 3*s. What are the prime factors of i?
2
Let j be 50/2*9 + 0. Suppose 0 = 2*c - j - 31. Suppose v = 4*x - c, -2*v = 3*x + 2*x - 147. What are the prime factors of x?
31
Let n(i) be the second derivative of -i**5/20 + i**4 - 4*i**3/3 + 3*i**2 + 36*i. List the prime factors of n(10).
2, 3, 7
Suppose 0 = -12*v + 1428 + 1260. List the prime factors of v.
2, 7
Let h(o) = 5*o - 1. Let t be h(6). Let y = t - 9. Suppose -s = -7 - y. What are the prime factors of s?
3
Let p(k) = 7*k + 1. Let j(r) = 21*r + 4. Let g(h) = 4*j(h) - 11*p(h). List the prime factors of g(5).
2, 5
Let z = -448 - -917. List the prime factors of z.
7, 67
Let a be ((-24)/9 + 3)*3. List the prime factors of (-248)/(-4) + a + 0.
3, 7
Suppose -2*b = -3*b - 4*u - 11, -7 = b + 3*u. Suppose 3*r - 4*t = 452, 4*t = 7*r - 2*r - 748. Suppose v + r = b*v. What are the prime factors of v?
37
Suppose 3*f = 2*j + 53, -4*f + 10*j - 5*j + 66 = 0. What are the prime factors of f?
19
Suppose 0 = -3*z + 2*s - 69, 0*s + 59 = -2*z - 3*s. Let a = 88 + z. What are the prime factors of a?
3, 7
Suppose 4*o + 23 = 215. Let s = 62 - o. List the prime factors of s.
2, 7
Let f(p) = -p**2 + 44*p - 38. What are the prime factors of f(33)?
5, 13
List the prime factors of ((-64)/3)/2*(-399)/4.
2, 7, 19
What are the prime factors of 5 + -1 + (-2765)/(-7)?
3, 7, 19
Let m(g) = 73*g + 113. List the prime factors of m(11).
2, 229
Suppose -3*p + 139 = t, -p = -0*t + 5*t - 639. Let x = t + -7. Suppose 6*k = k + x. What are the prime factors of k?
2, 3
Suppose -4*f = d - 326, 0*f + 5*f = -d + 331. List the prime factors of d.
2, 3, 17
Let i(x) = x - 2. Let z be i(7). Suppose -4*j = r - 29, 8*j + z = r + 6*j. What are the prime factors of r?
13
Let p(y) = -27*y**3 - 2*y**2 + 1. Suppose 3*f - 7 + 4 = 0. Suppose -5*x = -4*x + f. List the prime factors of p(x).
2, 13
Suppose 0 = 2*o - 5*q - 18, -2*o + 2*q = q - 10. Suppose -10*w = -o*w - 1314. What are the prime factors of w/12 - 6/(-8)?
19
Let t(a) = 51*a**2 - 23*a + 87. List the prime factors of t(8).
3167
Let z = 98 + -90. List the prime factors of (228/15)/(z/100).
2, 5, 19
Let p(u) = 93*u**2 - u + 5. What are the prime factors of p(3)?
839
Let o = -373 - -177. What are the prime factors of 1 + 2 - (o + -1)/1?
2, 5
Suppose -3*y - 2*t + 4096 = 0, 2*y = -52*t + 48*t + 2744. What are the prime factors of y?
2, 3, 227
Suppose 0 = -i + 23 + 337. What are the prime factors of i?
2, 3, 5
Suppose 17 = 2*u +